igit of f?
1
Let n(f) = -f**3 - 13*f**2 + 37*f + 41. Let i be n(-17). Let y = 1047 - i. What is the tens digit of y?
7
Suppose 3*m + 36*m = 108303. What is the thousands digit of m?
2
Let d = -7570 + 13631. What is the units digit of d?
1
Let a = 35950 + 5739. What is the thousands digit of a?
1
Let h(x) = 13*x - 30*x + 19*x + 30 - 11. What is the tens digit of h(32)?
8
Suppose z + 5 = 0, -40 = -5*d - 4*z - z. Suppose 0 = -4*r - 3*j + 1010, -11*r + d*r - 3*j = 514. What is the units digit of r?
4
Let j = 8 + -4. Suppose -5*h + 15 = 3*k - 23, j*h = -5*k + 20. Suppose 13*b - 738 = h*b. What is the units digit of b?
6
Suppose 5*f = 20, -j + 5*f - 16 - 1 = 0. Suppose -t + 3*c - 4*c = -153, 5*t - 759 = -j*c. What is the hundreds digit of t?
1
Suppose 1402*x - 1407*x = -151585. What is the ten thousands digit of x?
3
Let n be (-9)/(-15)*-14*-15. Let x = n + -54. Suppose -10*y + 842 = x. What is the tens digit of y?
7
Let j be 1822/10 + 12/15. Let z = 148 + j. What is the hundreds digit of z?
3
Let c = -2 + 6. Suppose 12*a - c*a = 584. Suppose 6*t = a - 7. What is the tens digit of t?
1
Let w(p) = -p**2 + 37*p - 210. Let n be w(7). Suppose -3*m - 1579 + 5560 = n. What is the thousands digit of m?
1
Suppose 2*c - 3*k + 158 - 1254 = 0, -3*k = -4*c + 2204. Suppose -35*o + 37*o - c = 0. What is the tens digit of o?
7
Let j(s) = 136*s**2 - 81*s + 431. What is the tens digit of j(8)?
8
Suppose -h + 415 = -5*y, 2*y = -5*h - 3*y + 1925. Suppose -20*v = -21*v + h. Suppose -1134 - v = -12*r. What is the hundreds digit of r?
1
Suppose -38331 = -5*s + 2*n, 2*n + 7663 = 6*s - 5*s. What is the hundreds digit of s?
6
Let c(d) = 7*d + 107. Let g be c(9). Let x = g + 640. What is the units digit of x?
0
Let p(k) = -6*k + 21. Let l be p(-4). What is the tens digit of 1135 - (49/(-63) - 10/l)?
3
What is the thousands digit of (4 - 136/24)/(2/(-1884))?
1
Let t(b) = b**3 + 8*b**2 - 9*b - 5. Let m(n) = -2*n**2 + n**3 + 6*n**2 - 12*n + 14*n. Let z be m(-4). What is the units digit of t(z)?
7
Suppose -2*n + 7*n = 620. Let k = -13 + -1. What is the hundreds digit of -3 + -1 + n + k?
1
Let f = 240 + 59. Let t = f - 146. Let g = t + -77. What is the units digit of g?
6
Let c(a) = -a**3 + 15*a**2 - 3*a - 24. Let x be c(7). Suppose 8*k - 3605 = x. What is the units digit of k?
4
Let v(l) be the first derivative of 2*l**3/3 + 6*l**2 - 11*l + 4. Let m be v(13). Suppose -765 - m = -12*o. What is the tens digit of o?
0
Suppose -2*l = 2*b + 2*l - 1562, 2*b = 2*l + 1568. Suppose 0 = 3*h + r - 2*r - b, 0 = 5*h - 3*r - 1301. What is the units digit of h?
2
Let p = -209 + 206. Let a(h) = 22*h**2 + 5*h + 24. What is the hundreds digit of a(p)?
2
Let m = -1235 - -1222. Let t(i) = -14*i + 52. Let n(c) = -c. Let b(p) = -4*n(p) + t(p). What is the hundreds digit of b(m)?
1
Suppose -36*q = -34*q + 2*t - 22228, 11120 = q - 2*t. What is the thousands digit of q?
1
Let j(l) = l**3 - l**2 - 2*l. Let s be j(0). Suppose 4*z - 5*b + b - 1904 = s, -5*z + 2*b + 2377 = 0. What is the units digit of z?
5
Let n be (-1)/((-440)/624 + 4/6). Let k = n + -10. Suppose k*o + 232 = 20*o. What is the units digit of o?
8
Let v(t) = 1956*t + 7494. What is the thousands digit of v(35)?
5
Suppose -c = 4*c + 2*v - 115, c + 2*v = 31. Suppose -c*w = w - 14476. What is the units digit of w?
8
Let h(q) = 2525*q - 4153. What is the tens digit of h(18)?
9
Suppose 0 = -12*a - 2*a + 387128. Suppose 21*w - a + 3061 = 0. What is the tens digit of w?
7
Let c be -2*10/(-4) - 1875/(-3). Suppose 5*t - c = 2*t - 2*m, 0 = -4*m. What is the hundreds digit of t?
2
Suppose 2*l + 4*i - 17911 - 18697 = 0, 0 = -2*l + 5*i + 36635. What is the tens digit of l?
1
Let r(o) = o**3 - 11*o**2 - 10*o - 17. Let s be r(12). Suppose 2*x = g + 2*g + s, 0 = -g + 3. Let j = x + 26. What is the units digit of j?
4
Let w(z) = -z**3 - 34*z**2 - 41*z - 1502. What is the tens digit of w(-47)?
4
Let y = 2261 + -901. Suppose k - y = -2*t, t - k = -0*k + 680. What is the tens digit of t?
8
What is the ten thousands digit of (-22)/(1386/(-4110093)) - (-3)/7?
6
Let q be (-1)/(-10) + 12159158/220. What is the hundreds digit of q/33 - -2 - (-82)/451?
6
Let l = 38301 + -14021. What is the tens digit of l?
8
Let s(l) = -55 - 48 + 84 - l + 7*l**2. What is the hundreds digit of s(8)?
4
Let w(f) = -f - 14. Let n be w(-12). Let s be 548 + 4 + (0 - n). Let o = s + -324. What is the tens digit of o?
3
Suppose 19*c - 18*c - 3 = 0. Let b be (-3)/(-9)*c*(-2 - -7). Suppose -4*o + 332 = b*n, -5*o + 222 = -2*o - 3*n. What is the units digit of o?
8
Let b = -17132 + 17487. What is the hundreds digit of b?
3
Let t(c) = -c**3 + 5*c**2 - 11*c + 14. Let b be t(6). Let d = b + 58. What is the tens digit of d/(-165) - (-1065)/11?
9
What is the hundreds digit of (1 + -2)/((-127)/9652*2/57)?
1
Let s(z) = 5890*z + 2636. What is the units digit of s(4)?
6
Let r = 39 - 29. Suppose 6*v + r = 142. Suppose -2*t + 45 = 4*n + 1, -2*n - v = -t. What is the tens digit of t?
2
Let f(k) = 312*k - 4160. What is the units digit of f(28)?
6
Let h be (-1)/5 + (-22)/(-10). Let r be (-2)/h*294/(6 + -12). Suppose -39 = -2*j + r. What is the units digit of j?
4
Suppose 4*y - 64665 = -11*v + 14*v, -5*v + 64641 = 4*y. What is the hundreds digit of y?
1
Let g = 3445 + 51110. What is the tens digit of g?
5
Suppose -668*z + 667*z + 1273 = 0. Let q = -10 + z. What is the units digit of q?
3
Suppose 1391 = c - 2*w, -25*c + 27*c - 2*w = 2794. What is the thousands digit of c?
1
Suppose 0 = 15*k - 19*k + 16. Suppose 2*d + k*l - 576 = 0, 3*d + 4*l + 300 = 4*d. What is the tens digit of d?
9
Suppose 16*g = -g + 13192. Let l = g - -200. What is the tens digit of l?
7
Let t(v) = 39*v**2 - 40*v - 119. What is the tens digit of t(26)?
0
Suppose 6130 = -0*b + 5*b + 4*s, -3700 = -3*b + 2*s. Suppose -4*v + b = g - 1829, -4*v - 4*g + 3056 = 0. What is the tens digit of v?
6
Let t(j) = 35*j - 146. Suppose v + 4*f - 2 = 32, -f - 9 = -v. What is the units digit of t(v)?
4
Let p = 475 - 421. Suppose -p*s = -42*s - 852. What is the tens digit of s?
7
Suppose 5*u - 5 = 4*u. Suppose -u*s = -239 - 151. Suppose i + 3*i = -3*p + 111, -3*p = -3*i + s. What is the units digit of i?
7
Let h be 2*-1*10/20. Let s(a) = 317*a. Let m be s(h). Let l = m - -444. What is the hundreds digit of l?
1
Let m(f) = 208*f**2 - 29*f + 125. What is the thousands digit of m(8)?
3
Suppose 13*u - 34992 = -3*o + 16*u, 2*o - 5*u = 23313. What is the hundreds digit of o?
6
Let h = 296 - 170. Let a = 223 + h. What is the tens digit of a?
4
Let d = 131 + -113. Let w(u) = 22*u - 37. Let c be w(d). Suppose s = 3*n + 2*s - 513, -5*s = -2*n + c. What is the hundreds digit of n?
1
Suppose 16*z = 10*z + 18*z - 251532. What is the units digit of z?
1
Let w = -20 - -19. What is the tens digit of (1 - w)*(159 + -22)?
7
Suppose -70 = -27*n + 13*n. Suppose 1983 = 3*c - n*v, -2*v + 647 = c + v. What is the units digit of c?
6
Let v be ((-75)/(-10))/5 - (-197)/2. Suppose 5*o - v = -4*q, -o + 2*q + 20 = -2*q. Suppose o - 284 = -4*i. What is the tens digit of i?
6
Suppose 3*m = -3*g - 9, -1 = g + 3. What is the hundreds digit of ((6370/m)/7)/2?
4
Let r(n) = 3*n**2 - 93*n - 18. Let y be r(31). What is the tens digit of y + 20 + 178/(3 + -1)?
9
Let y(f) be the third derivative of -3*f**4/8 + 21*f**3/2 - 36*f**2. Let m(r) = -5*r + 32. Let l(s) = -7*m(s) + 4*y(s). What is the units digit of l(19)?
9
Let p(g) = 50*g**2 + 2*g. Let z be p(3). Suppose 4*b - z = 2*y, 2*y = -b - y + 100. Suppose 0*n = 2*n - b. What is the units digit of n?
6
Let w = -4 + 63. Suppose 3*c - 2*s + 74 = 404, -5*c + 4*s + 546 = 0. Let p = c - w. What is the tens digit of p?
5
Let v be (-58)/(-20) + 2 + (-5)/(-50). Suppose 3*l - 2*d = 1155, v*l = 3*d + 837 + 1087. What is the hundreds digit of l?
3
Let c = 457 + -455. Suppose -87 + 33 = -c*s. What is the units digit of s?
7
Let w = 17684 - 9124. What is the tens digit of w?
6
Let g(x) = 0*x + 8*x - 4*x - 3*x**2 - 1 + 9*x. Let t be g(4). Suppose -t*q + 40 = -50. What is the units digit of q?
0
Let f = 4 + 0. Suppose -f = q - 4*n, 2*q + 2 = 5*n - 3. Suppose 2*j = -3*v + 128, 0 = -5*j - q*v + v + 354. What is the units digit of j?
0
Let b(x) = -9972*x**3 - x**2 - 5*x - 2. What is the units digit of b(-1)?
4
Let o(t) = t**3 - 8*t**2 + 12*t. Let h be o(5). Let 